8, 5*j = -4*y - 13. Let m(o) = -76*o. Let w be m(j). Suppose -18*x = -14*x - w. Is x a composite number?
False
Let a = 4314 + 1397. Is a a composite number?
False
Suppose 4*s = -d - 18, 30 = -3*d - s - 13. Is (-6)/21 - 20402/d a prime number?
False
Suppose 13*u = 11*u - 4*w + 2182, -3*w + 2185 = 2*u. Is u a prime number?
True
Suppose 0 = -2*y + 3*m + 3, 3*y = -3*m + 9 + 18. Let o(j) = -7*j**3 + 4*j - y*j**2 + 16*j**3 - 2 - 10*j**3. Is o(-7) prime?
True
Is (4 - (-20)/(-8))*(-16804)/(-6) composite?
False
Let n(h) = -h + 1 - h + 1 + h**2 + 0*h. Let m be n(3). Suppose -10*b + 575 = -m*b. Is b composite?
True
Let j = -1197 + 2425. Suppose 13*l + 678 = 15*l. Let u = j - l. Is u composite?
True
Suppose 5*u - 2*u + 1893 = 0. Let d = u + 1249. Suppose -3*p + 3*v + 624 = 0, -3*p + 7*v + d = 2*v. Is p prime?
True
Suppose -14991 = -5*x - 2146. Is x a prime number?
False
Let j(p) = -p**2 - p + 1. Let x be j(-3). Let a(t) = 2*t**2 + 33*t + 23. Let y be a(-17). Let k = x + y. Is k composite?
True
Suppose -3*x + 5*l + 24 = -1, -2*x = -5*l - 20. Is ((-526)/4)/(x/(-10)) composite?
False
Suppose -2*y + 3073 = -5*n + y, 0 = 4*n - 3*y + 2456. Let w = n - -1978. Is w a composite number?
False
Let v(d) = -d**3 - 5*d**2 - 2*d - 10. Let j be v(-5). Suppose 0 = -2*r - j*r + 10. Suppose 2*x - 15 = r*x, 104 = 4*b + 4*x. Is b prime?
True
Suppose d - 16880 = -5480. Suppose 2*g + 4*n = 4738, -4*g + d - 1952 = n. Is g composite?
True
Let y(q) = -25*q**3 - q**2 - 6. Let r(h) = 49*h**3 + h**2 + h + 11. Let f(n) = -3*r(n) - 5*y(n). Let c be f(-4). Suppose 407 - c = -2*u. Is u prime?
True
Suppose -161253 = -5*y - 2*l, l + 38856 = 2*y - 25647. Is y a composite number?
False
Let z(i) = -98*i + 9. Let l be ((-90)/(-21))/(6/28). Suppose -3*v + x = l, x - 45 = 4*v - 4*x. Is z(v) composite?
False
Is 4 + 9805/10 + 6/(-4) composite?
False
Let w = -73 + -217. Let f = 511 + w. Is f a prime number?
False
Let n = 21 - 70. Let w be 7/n - 86/(-14). Suppose 2*i - w*i = -524. Is i a prime number?
True
Let r(k) = -k**2 + 7*k + 2. Let x be r(7). Suppose -x*n - 1614 = -4*n. Is n composite?
True
Suppose 5177 + 4878 = 4*p + h, 3*h = -15. Is p a composite number?
True
Let h = -83 + 226. Suppose f - 13 = -u + 25, -h = -4*u + 5*f. Let i = 360 + u. Is i prime?
True
Suppose 4*i = -o + 12545, -969 = -2*i - 5*o + 5290. Is i a composite number?
False
Is 224242*((44 - 43) + (-2)/4) a prime number?
True
Let a be (-3)/(-2)*(-32)/(-12). Suppose 2*s - 833 = -b, a*s = 3*b - b + 1670. Is s prime?
False
Let n(b) = 208*b**2 - 6*b + 82. Is n(8) a composite number?
True
Let a = 2417 - -482. Suppose 1700 = -2*c + 5*j - 2315, 3*c = j - 6029. Let r = a + c. Is r a composite number?
True
Suppose 50 = 2*w + 3*w. Is 3912/168 + (-1 - w/(-14)) composite?
False
Is 6 + 6796*21/12 composite?
True
Suppose 1329 = -2*i - 79. Let x = 1375 + i. Suppose -4*h = 5*p - x, -3*p + 0*p + 381 = -3*h. Is p a composite number?
False
Suppose -4*m - 482 = 3*z, -6*z = -z + 10. Let x = m - -370. Is x prime?
True
Let q(c) = -30*c - 11. Suppose 5*d - d = 20. Let i = d + -14. Is q(i) composite?
True
Let v(j) = 4783*j**3 + 2*j**2 + 2*j - 4. Is v(1) a prime number?
True
Let l be -1*4 - (-10 + 1). Suppose -2*v = 4*b - 9494, 0*b + l*b - 5*v = 11830. Is b composite?
False
Let p(v) = -v**3 + 14*v**2 - 13*v + 2. Suppose -16 + 3 = -y. Let a be p(y). Suppose a*u = -0 + 22. Is u prime?
True
Suppose 1 = -y, -4*g + 1697 = -5*y - 208. Let q = 1532 - g. Is q a composite number?
True
Let t = 5 - 1. Let i be 1/((-1)/t) + 6. Let z(a) = 83*a**2 - 2*a + 3. Is z(i) a prime number?
True
Is (-59739)/1*(-19)/57 a prime number?
True
Let c(q) = q**2 + 10*q + 11. Let n be c(-8). Let m(t) = 9*t**2 - 8*t - 14. Is m(n) composite?
False
Suppose 5*j = 3*j. Suppose -q = -116 - j. Let r = 13 + q. Is r prime?
False
Suppose s = 5*t - 10694 - 6824, t - s - 3506 = 0. Is t a prime number?
False
Let h(o) = -o + 11. Let y be h(8). Let c(t) = 3*t**2 - t - 1 - 8*t**3 - 5*t**3 + y*t. Is c(-2) prime?
False
Let h(q) = 37*q**2 + 5*q + 3. Suppose -8*p = -13*p + 15. Suppose 0 = f + 5*o + 20, 2*o + 5 = 2*f - p*f. Is h(f) composite?
False
Let y = 18 - 7. Suppose 7*a = y*a - 48. Is (254/(-8))/((-3)/a) a prime number?
True
Is -3 + (8492/55)/((-2)/(-100)) prime?
True
Let i(q) = -61*q + 1. Let u be i(-2). Let v be (36/(-27))/(2/u). Let x = 47 - v. Is x composite?
True
Let l(s) = s**2 + s - 1. Let h(f) = -5*f**2 - 24*f - 1. Let k(v) = h(v) + 4*l(v). Is k(-14) a prime number?
True
Let p = 48792 + -28971. Is p composite?
True
Let j be (-15)/(25/5) - 7. Let w be (72/40)/((-6)/j). Is w/(-3*3/(-627)) a composite number?
True
Let u(g) = 5537*g + 41. Is u(4) composite?
False
Suppose 12 = -4*w, -5*z + 5*w = -3*z - 15. Suppose 5*f = -3*t + 1458, -3*f = -z*t - 5*t + 2396. Is t composite?
True
Let r(x) = 13*x**2 - 38*x - 10. Is r(-17) composite?
True
Suppose 736909 = 108*k - 37*k. Is k a composite number?
True
Let l = 3 + 1. Suppose a = -3*m + m - 132, l*m = -20. Let d = 389 + a. Is d prime?
False
Let l(b) = -4*b - 9. Let q be l(-6). Let o = q - 20. Is (53/4)/(o/(-20)) composite?
False
Let k = 21820 - 6866. Is k prime?
False
Suppose 3*d = -4279 + 35350. Is d composite?
False
Suppose 3*d + 2*d - q - 1922 = 0, 386 = d - q. Suppose 5*g = 3*j - d, 2*j - 237 = -0*j - 3*g. Is j prime?
False
Let b be 2 + 1 + 28 + 2. Suppose b*d - 1226 = 31*d. Is d prime?
True
Suppose 7*g + 4893 - 30548 = 0. Is g a prime number?
False
Let o be ((-1)/2)/(2/(-4)). Let y be (o + (1 - 2))/2. Suppose -4*i - 16 = y, 3*u - 189 + 52 = -4*i. Is u a composite number?
True
Is (-1)/(1/(-22863))*(-30)/(-90) a composite number?
False
Let i(p) be the second derivative of -13*p**3/6 - p**2 - 2*p. Let r be (2 - 1)*-5 - 2. Is i(r) a prime number?
True
Let b = 26 - -15. Suppose 19 = c + 3*k, 3*k = -4*c - 2*k + b. Suppose 202 + 114 = c*p. Is p a prime number?
True
Suppose -4*j + i = -3*i - 172, 0 = 3*j + 5*i - 89. Let n = 50 + -50. Suppose -b + n*b = -j. Is b a composite number?
True
Let p = -38 - -45. Suppose -k = -p - 30. Is k a composite number?
False
Let s = 15088 - 6803. Is s a prime number?
False
Let s(m) be the third derivative of m**6/120 + m**5/12 - m**4/8 + m**3 - 9*m**2. Let p be s(-6). Is (-123)/p*(3 + 5) a composite number?
True
Let v(l) = 11*l**3 + l**2 - 54*l - 1. Is v(10) a prime number?
True
Suppose 3*y = -5*n + 40, -n + 0*n - 5 = -2*y. Is (4/n)/(34/8245) composite?
True
Let h = -575 + 1308. Is h a composite number?
False
Let d(q) = -34*q - 367. Is d(-42) composite?
False
Let p = -5552 + 8004. Suppose p = 4*k - 0*k. Is k prime?
True
Let y(k) = -k**3 + 11*k**2 - 9*k + 15. Let r be y(10). Suppose 0 = j - 6*j + 5*u - r, 3 = j + u. Is (1671/(-9))/(j/3) prime?
True
Let t(q) be the third derivative of -51*q**4/8 + q**3/2 + 17*q**2. Is t(-6) a prime number?
False
Suppose 1362 = 2*y + 2*t + 2*t, -2*y + 1357 = 5*t. Is y prime?
True
Suppose -5*s - 30 - 6500 = 0. Let h = s + 4743. Is h a composite number?
True
Let x = 96 - -1838. Is x a composite number?
True
Suppose 6*v - 49714 = -8*v. Is v composite?
True
Suppose 3*l - 722 = -119. Let d = 412 - l. Is d a composite number?
False
Suppose 3*n = 5*n - 3*p - 12017, -4*p = n - 6003. Is n composite?
False
Suppose v + 2 = -0. Is (7/21)/(v/(-2682)) a composite number?
True
Suppose g - 5*k = 4*g + 18, 0 = -5*k. Let v be g*3/6 + 10. Suppose 0 = -2*x + v*x + 2*q - 111, 2*x - 4*q = 30. Is x a prime number?
False
Suppose -3*p - w = -6*w - 10365, 0 = -5*p + w + 17275. Is p a composite number?
True
Is (2038/10)/((-12)/(-60)) composite?
False
Suppose 4*q = 3*i + i - 240, -236 = 4*q - 2*i. Let k = q + 185. Is k composite?
False
Let j = -2880 - -4118. Let g = j - 493. Suppose -w = 4*w - g. Is w composite?
False
Let c(u) = 8777*u - 473. Is c(18) composite?
False
Suppose -14*n = -0*n + 70. Is (5/n - -840)*1 a prime number?
True
Let o(l) = 14*l**2 + 16*l + 12. Let r be o(-8). Suppose -2*u + 1042 = -r. Is u composite?
False
Let o(j) = -j - 4. Let x(d) = -d**3 + 3*d**2 + 3*d - 2. Let b be x(4). Let q be o(b). Suppose 2*i = -q*i + 1412. Is i prime?
True
Is -3*12/((-108)/77205) a composite number?
True
Suppose 14*q - 21167 = 323. Is q a composite number?
True
Let v = 12116 + -6647. Is v a composite number?
True
Let n(l) = 36*l - 2. Let x be n(9). Suppose x - 1136 = -2*s. Is s a prime number?
False
Is (4/8)/((-3)/(-5274))*